8 = f, -2*f = o + 31. Let p = f - -23. List the prime factors of p.
2, 5
Let q(r) = -r - 6. Let g(k) = 1. Let z(n) = -2*g(n) + q(n). Let j be z(7). Let i = 29 + j. List the prime factors of i.
2, 7
Suppose 395 = 2*n + y - 0*y, 3*y = 9. What are the prime factors of n?
2, 7
Let k(b) = -b**3 + 6*b**2 + b + 2. Let u be k(6). Suppose u*q - 3*q = 10. Suppose -5*y + 105 = 5*g, 4*g - 15 = -q*y + 31. List the prime factors of y.
19
Let a be 1/(3*3/9). Let l be 3/a*(-6)/9. Let c = 11 + l. List the prime factors of c.
3
Let d = -23 + 32. Let y = 42 - d. What are the prime factors of y?
3, 11
Let z = 891 - 604. What are the prime factors of z?
7, 41
Suppose -4*y + 240 = 4*p, -4*p = -9*p + 10. What are the prime factors of y?
2, 29
Let g be (-2 + 9)*((-52)/(-28) + -1). Suppose 4*b - 2*t - 380 = 0, 3*b + 3*t = 369 - 84. Suppose -g*a + a = -b. List the prime factors of a.
19
Let j(l) = l**3 + l**2 - l + 3. Let g be j(0). Suppose -2*n + g = n. What are the prime factors of (1 - 0)/(n/11)?
11
Let d(f) = f**2 + 8*f + 3. Let x be d(-4). List the prime factors of 5/(10/(-4)) - x.
11
Let u be 2*(-2)/4 + 5. Let p be ((-3)/(-2))/((-1)/u). What are the prime factors of (-6 - p) + 4*1?
2
Suppose 2*c + 3*c = 110. Let j = c + -94. What are the prime factors of 6/(-21) + j/(-7)?
2, 5
Suppose 0 = -4*f - f + 15. Suppose 2*b - 60 = -f*b. What are the prime factors of b?
2, 3
Suppose 37 = 2*f - 35. Let j be 6/21 - f/(-21). Suppose -a - j*a = -9. What are the prime factors of a?
3
Let a(f) = f + 5. Let z be a(-6). Let l(w) = -28*w - 1. What are the prime factors of l(z)?
3
Let u(z) = z - 3. Let o(i) = 2*i. Let d be o(3). Let n be u(d). Suppose n*p - 20 = -2*p. What are the prime factors of p?
2
Suppose 4*x + 232 = l, -3*l - 5*x = -318 - 310. List the prime factors of l.
2, 3
Suppose -o + 0*o + 23 = 4*n, -3*o + n + 95 = 0. List the prime factors of o.
31
Let t = 13 + -3. Let a(p) = -p**3 + 9*p**2 + 9*p + 10. Let d be a(t). Suppose -2*u = 5*m - 20, -18 = -4*u + m - d. What are the prime factors of u?
5
Suppose 2*g - 180 = -5*t + 80, -3*t + 177 = -3*g. Suppose -2*a = -2*z + 6*z - t, 0 = -5*a + 5. What are the prime factors of z?
13
Let w(k) = 9*k**2 + 1. Let r = 8 + -9. List the prime factors of w(r).
2, 5
Let d(h) = -h + 2. Let p be d(-2). Suppose 3*j + w + 0*w - 58 = 0, 0 = p*w - 16. List the prime factors of j.
2, 3
Let a(j) = j**2 - j - 8. What are the prime factors of a(-4)?
2, 3
Let l(t) = t**3 - 6*t**2 - 4*t + 10. List the prime factors of l(7).
31
Let q(k) = -k**2 - 6*k - 2. Let n be q(-5). Suppose 0 = -5*b + 5*o - 2*o + 35, n*b - 3*o = 27. What are the prime factors of b?
2
Suppose -89*s + 1192 = -85*s. What are the prime factors of s?
2, 149
Suppose -5*p + 150 = -80. Let b = p + -26. Suppose 0 = 2*c + 2*c - b. List the prime factors of c.
5
Let l(p) = 2*p**2 + 14*p - 22. Let j(s) = s**2 + 7*s - 11. Let k(z) = -13*j(z) + 6*l(z). Let u be k(-8). Let m(f) = 2*f. What are the prime factors of m(u)?
2, 3
Suppose 0 = -c - 3*c + 184. What are the prime factors of c?
2, 23
Let r(x) = 61*x + 45. List the prime factors of r(4).
17
Let g(w) = -2*w. Let c be g(3). Let t(n) = -3*n + 7. What are the prime factors of t(c)?
5
Let j be (-4)/((-2 - -4)*-1). Suppose -5*l = j*w - 3 - 6, 4*l - 9 = -w. Suppose 0 = -4*o - l*c - 0*c + 30, 0 = 2*o + 2*c - 16. List the prime factors of o.
2, 3
Let p(o) = o**2 + 7*o + 1. Let l be p(-7). Let n be 18 + (l - 0)*-3. Suppose 0*t = t - n. List the prime factors of t.
3, 5
Suppose -3*j - j = q - 18, -2*j + 12 = -q. Suppose -4*s + 3*s = 4. List the prime factors of (-2)/q + (-20)/s.
2, 3
Suppose 341 = -4*o + 1089. List the prime factors of o.
11, 17
Suppose -3*z = z + 8, 2*q + 16 = -z. Let c(i) = -i**2 - 6*i + 4. Let j be c(q). Let d(a) = a**2 - a - 3. List the prime factors of d(j).
3
What are the prime factors of 1*(0 - (-3 - 44))?
47
Let z(v) = v**2 - 3*v - 4. What are the prime factors of z(8)?
2, 3
Suppose -2*y = -62 - 238. List the prime factors of y.
2, 3, 5
Let g(w) = w + 8. Let a be g(-6). Let t = -65 - -67. Suppose -a + 14 = t*u. List the prime factors of u.
2, 3
Let k be -2 - (1 - 3) - -3. Let s(z) = z**3 + z - 4. What are the prime factors of s(k)?
2, 13
Let s = 7 + -5. Suppose -4*q + q + s*y = -11, -4*y - 17 = -5*q. Suppose 0 = n - 2*m - 11, 0*n + 4*n - q*m - 53 = 0. What are the prime factors of n?
17
List the prime factors of ((-8)/12)/((-2)/21).
7
Suppose -36 = -r - 0*r. Suppose -5*m + r = -2*m. What are the prime factors of m?
2, 3
Let b(k) = 5*k**3 + k**2 - k - 1. Let t be b(-1). Let y = t + 8. Suppose 4 = -y*c + 48. What are the prime factors of c?
11
Let b(u) = 13*u - 1. Let n be b(-1). List the prime factors of (-12)/n*(5 - -2).
2, 3
Suppose 11*k - 6*k = 15. List the prime factors of k/12 + (-43)/(-4).
11
Let n be 1*(5 - 3) - 2. Suppose n = -0*c - c + 21. What are the prime factors of c?
3, 7
Suppose -n - 18 = 4*n - c, 4 = -2*n + 2*c. Suppose -4 = -u + 2*u. What are the prime factors of 7/u*2*n?
2, 7
Suppose -5 = -u - 2. Suppose -6*m + u = -3*d - m, 18 = 3*d + 2*m. Suppose -2*l - 3*t + 30 = l, d*t - 20 = 0. What are the prime factors of l?
5
Suppose 7*o + 0*o - 1414 = 0. List the prime factors of o.
2, 101
Let h = -195 + 281. What are the prime factors of h?
2, 43
Suppose 5*t = -3*d + 2*t - 3, -2*d + 5*t + 33 = 0. Let w(x) = 5*x - d*x + 6*x + 4*x + 1. List the prime factors of w(1).
2, 3
Suppose 4*n - 372 - 68 = 0. What are the prime factors of n?
2, 5, 11
Let w(r) = -3 - 3 + 10*r - r**2 + r - 5. Suppose -29 - 3 = -4*h. List the prime factors of w(h).
13
Suppose -5*r + 0*s - 21 = 3*s, -2*s = -3*r - 24. Let f = -1 - r. List the prime factors of f.
5
Let k = 0 + -6. Let c = k - -11. What are the prime factors of c?
5
Let m(a) = -a + 10. Let c be m(8). Suppose -3*y = c*y - 45. List the prime factors of y.
3
Let c(n) be the first derivative of -n**3/3 + 5*n**2 - 4*n + 2. What are the prime factors of c(8)?
2, 3
Let b be (-386)/(-8) + (-1)/4. Suppose 2*f - 4 = 4, -4*w = 5*f - b. List the prime factors of w.
7
Let q(m) = m - 2. Let z(v) = v**2 + 7*v + 8. Let u be z(-6). Let x be q(u). What are the prime factors of (-1)/(2/(-10) - x)?
5
Let w = -9 + 11. What are the prime factors of -2 + w + (-60)/(-4)?
3, 5
List the prime factors of 8694/81 + 2/(-6).
107
Let t = -23 - -59. Suppose t = 6*f - 4*f. List the prime factors of f.
2, 3
Let h(i) = i**3 + 3*i**2 + 4*i. Let r be h(-3). What are the prime factors of (1 - 14/6)*r?
2
Let z(a) = -a + 11. Let u be z(9). Suppose -u*r = -r - 48. Suppose 0 = q - 5*q + r. List the prime factors of q.
2, 3
Suppose 0 = -i - c + 4, 0 = 4*i - c + 6*c - 14. Let a(j) = j - 5. Let s be a(i). List the prime factors of 100/8 - s/2.
2, 3
Suppose 5*v = -0*y - 5*y - 5, 3*y + 7 = -v. List the prime factors of 18 - (6 - (v - -1)).
3, 5
Let h = 8 + 19. What are the prime factors of h?
3
Let z be (-4)/18 - (-64)/(-36). Let p(d) = d**3 - 9*d**2 + 4*d + 6. Let k be p(7). What are the prime factors of ((-3)/(-6))/(z/k)?
2
What are the prime factors of 1 - -3 - (18 - 115)?
101
Let f be (36/15)/((-2)/(-55)). Suppose -f = -3*m + 3*b, -4 + 102 = 4*m + b. What are the prime factors of m?
2, 3
Let l(z) = 6*z - 1. Let t be l(1). Let b(d) = 2*d - 1. What are the prime factors of b(t)?
3
Suppose -60 = n + 116. What are the prime factors of (-6)/(-27) + n/(-18)?
2, 5
Let n be (-44)/(-2)*(0 + -2). Let r = -21 - n. What are the prime factors of r?
23
Suppose -845 = -5*o + 2*l + 304, 2*o + l - 456 = 0. List the prime factors of o.
229
Let l = 12 + -10. Suppose -2*r + l + 10 = 0. What are the prime factors of r?
2, 3
Let j(u) = -u - 1. Let a be j(-1). Let t = a - 5. What are the prime factors of 5*(7/t - -2)?
3
Suppose -2*v + 2*y + 2 = -0, -4*v + y + 16 = 0. What are the prime factors of (-4)/(-10) - (-28)/v?
2, 3
Suppose -7 = -4*g + 3*l - 0*l, -2*g = l - 1. Let r be 21/5 + g/(-5). Suppose -5*h + 6 = -r. What are the prime factors of h?
2
Suppose 4*a + 62 = 2*n, -5*n + 4*a + 72 = -71. Suppose -y - 2*y = -n. Suppose 0 = -2*u - u + y. What are the prime factors of u?
3
Suppose -4*q - d + 105 = -0*d, 0 = 4*d - 4. Suppose q = 2*r - 4. What are the prime factors of r?
3, 5
Suppose -5*z - 160 + 1365 = 0. What are the prime factors of z?
241
Suppose 0*a - 5 = -5*a, -q - a = 0. List the prime factors of 0 - 3 - (-6 + q).
2
Let b be (4/5)/(14